 10311010301 (base 4) in base 7?
13521605
Convert 13212123001 (base 4) to base 7.
22635463
Convert -115553032 (base 6) to base 8.
-10424614
-314040313 (base 5) to base 12
-535063
Convert 42415430 (base 6) to base 10.
1246698
Convert 2f14a (base 16) to base 7.
1432136
Convert -5214426 (base 7) to base 15.
-c5683
6879250 (base 11) to base 4
231321220121
-4124120430 (base 5) to base 3
-120212002210121
Convert 111020022111212 (base 3) to base 14.
d110bb
What is -788 (base 9) in base 15?
-2d2
What is -212000001200220 (base 3) in base 16?
-ba877e
-b92a0 (base 14) to base 13
-128a96
22203323113 (base 4) to base 3
12012122210201
What is -36251 (base 13) in base 9?
-161148
10000110000001111 (base 2) to base 7
404032
Convert 263317 (base 11) to base 14.
aadc6
What is 111011111100000011 (base 2) in base 9?
413685
What is 110941 (base 15) in base 11?
505150
-110000011100011001100 (base 2) to base 3
-2222122111202
What is 3352543 (base 8) in base 4?
3131111203
What is -1026053 (base 8) in base 3?
-111220002211
Convert 14b7166 (base 13) to base 14.
c4c692
Convert 4d6d54 (base 15) to base 8.
16137337
Convert 1004111124 (base 5) to base 7.
23110604
What is 1154829 (base 11) in base 8?
7531754
What is 2636363 (base 8) in base 13?
1ca2ca
-43765 (base 13) to base 12
-5a7b1
50205 (base 11) to base 16
11eec
Convert 5455656 (base 7) to base 9.
1230370
What is 1673657 (base 8) in base 3?
220212022121
Convert 3a9a2 (base 12) to base 8.
236012
Convert -47748 (base 9) to base 14.
-b90a
Convert -160c6c (base 16) to base 14.
-298844
Convert -25a91 (base 16) to base 2.
-100101101010010001
Convert 141314202 (base 5) to base 3.
1101001102012
Convert -55683b (base 12) to base 7.
-14361200
1629601 (base 13) to base 10
7132477
What is -15aa25d (base 14) in base 3?
-202000002121210
Convert 3086dd (base 16) to base 9.
5876434
-675441 (base 10) to base 16
-a4e71
What is -3230002202 (base 5) in base 12?
-237691a
-a023aa (base 11) to base 5
-403114110
-111410 (base 5) to base 6
-30232
-52154443 (base 6) to base 8
-5601673
-686048 (base 14) to base 9
-6611703
-583307 (base 11) to base 12
-38838a
1610663 (base 7) to base 4
312000233
Convert 202011002222 (base 3) to base 5.
100143111
What is -381427 (base 9) in base 6?
-4540041
Convert 1101100101110010010101 (base 2) to base 6.
204205421
Convert -254691 (base 10) to base 6.
-5243043
Convert -55750 (base 12) to base 10.
-113388
What is -1471084 (base 10) in base 8?
-5471154
What is 138c71d (base 15) in base 4?
311312100031
What is 162c1 (base 16) in base 12?
44681
What is 10312310233 (base 4) in base 10?
1273135
-1142724 (base 9) to base 3
-1011102210211
What is 1a73249 (base 12) in base 16?
55d499
-443421433 (base 5) to base 2
-111011000100111111100
110001111001111100 (base 2) to base 3
101101101211
Convert -5cd89 (base 15) to base 5.
-33443204
What is -203153 (base 6) in base 15?
-4c49
Convert -20423520 (base 6) to base 12.
-247ba0
What is -259365 (base 10) in base 13?
-91092
Convert -101101011001000100101100 (base 2) to base 3.
-211101112121101
Convert -278202 (base 9) to base 6.
-3351045
What is 1cb406 (base 13) in base 6?
23500414
What is -269 (base 10) in base 13?
-179
What is 10111111111101010 (base 2) in base 9?
158732
Convert -1201330 (base 6) to base 5.
-4000200
-80842 (base 9) to base 8
-147666
-3a0127 (base 13) to base 11
-876677
What is 12023054 (base 9) in base 12?
1b67aa1
-14702710 (base 8) to base 14
-63c768
Convert 4262c (base 14) to base 5.
20112433
Convert -113551 (base 9) to base 12.
-335b4
Convert -121211102010 (base 3) to base 7.
-2546535
Convert 104153 (base 6) to base 9.
12846
What is 11212210100 (base 3) in base 12?
47723
What is -5aa961 (base 15) in base 8?
-20432457
86418 (base 10) to base 9
141480
20218756 (base 9) to base 10
9697047
Convert 1271148 (base 15) to base 5.
11344024133
Convert -48392c (base 14) to base 10.
-2468660
6497 (base 15) to base 4
11030230
What is 2000330103 (base 4) in base 2?
10000000111100010011
What is -27056244 (base 8) in base 10?
-6053028
52a747 (base 12) to base 11
810772
Convert -242a84 (base 11) to base 3.
-201112121120
What is -31507 (base 8) in base 9?
-20005
Convert 241124311 (base 5) to base 13.
30028a
135c32 (base 15) to base 16
e3438
What is 1000100001101 (base 2) in base 5?
114430
What is 4c427 (base 14) in base 16?
2dc13
-2227531 (base 8) to base 6
-20522441
Convert 1211400 (base 8) to base 15.
687e9
-9bcab (base 14) to base 16
-5c63f
What is 364013 (base 10) in base 14?
9692d
-d89b1 (base 16) to base 10
-887217
Convert -51031512 (base 6) to base 3.
-2201200212222
82ca58 (base 13) to base 8
13517751
Convert 1001111110100110011 (base 2) to base 4.
1033310303
-13312130133 (base 4) to base 6
-112035503
8fbf (base 16) to base 15
ad84
-36103 (base 8) to base 9
-23141
Convert -879d5 (base 14) to base 5.
-41002422
Convert -6724c (base 15) to base 5.
-40443042
What is -8c349 (base 15) in base 5?
-103234434
2120032221 (base 4) to base 2
10011000001110101001
Convert 12222102112110 (base 3) to base 12.
1092910
-11001111011101001111011 (base 2) to base 6
-401411551
Convert -108841 (base 9) to base 5.
-4044231
-124323432 (base 6) to base 12
-9a3578
-203132124 (base 5) to base 11
-51a17a
What is b3b744 (base 12) in base 6?
140232524
What is -13c690 (base 14) in base 11?
-42a420
Convert 246b4a9 (base 12) to base 14.
d318ad
2a9b53 (base 15) to base 5
1011323203
-8a6bc (base 16) to base 6
-20052512
31234241 (base 8) to base 2
11001010011100010100001
What is -131b55 (base 12) in base 11?
-1a5254
What is 13a981 (base 11) in base 12?
a7006
-438 (base 15) to base 8
-1671
Convert 5807b (base 15) to base 8.
1043261
-4847602 (base 9) to base 8
-12020547
231300222 (base 4) to base 14
4c442
Convert -1001101111011101111 (base 2) to base 14.
-84491
257152 (base 8) to base 6
1531150
Convert -231444132 (base 5) to base 10.
-1046792
Convert -366fa (base 16) to base 7.
-1616026
Convert -2426518 (base 9) to base 15.
-1b034b
15331714 (base 8) to base 10
3519436
Convert -110110011011100011101 (base 2) to base 7.
-21105642
What is 1212020122221 (base 3) in base 13?
288217
Convert -5506 (base 13) to base 15.
-3791
What is -2165326 (base 7) in base 8?
-1014151
Convert 76980 (base 13) to base 6.
4334050
Convert 4742e9 (base 16) to base 9.
8707254
Convert c4cc6 (base 14) to base 11.
2a4549
What is -721911 (base 11) in base 15?
-17d666
What is 278511 (base 9) in base 12?
82654
What is -1001110101101010100100 (base 2) in base 11?
-15017a4
What is 1100011101001000001 (base 2) in base 10?
408129
2116524 (base 8) to base 13
169c80
-232223341 (base 5) to base 7
-11652232
80126 (base 10) to base 15
18b1b
1102857 (base 10) to base 6
35345453
What is -556155 (base 7) in base 10?
-98187
10407822 (base 9) to base 7
60465650
What is 65675204 (base 8) in base 14?
1c38500
1012154 (base 6) to base 12
2405a
What is 3a6a4 (base 11) in base 4?
32023121
What is -70904 (base 10) in base 7?
-413501
What is 10010100110101011110101 (base 2) in base 15?
6650b5
Convert 8895b (base 15) to base 3.
211001111012
What is 110011100010000011110 (base 2) in base 16?
19c41e
Convert -10331f (base 16) to base 15.
-15e878
What is -20103434 (base 5) in base 9?
-263262
What is -1000101001011111111000110 (base 2) in base 16?
-114bfc6
Convert 2330432 (base 5) to base 8.
123171
11111301 (base 4) to base 7
120525
212236 (base 10) to base 6
4314324
What is -5b73a (base 13) in base 6?
-3334420
-704379 (base 12) to base 6
-101254233
-2497820 (base 10) to base 14
-4903da
What is 2132300110 (base 4) in base 8?
2366024
What is 19518e (base 15) in base 12?
4b5122
What is -2c274 (base 14) in base 6?
-2210234
What is 351533 (base 6) in base 9?
45413
Convert 122301331 (base 4) to base 16.
1ac7d
-1043204 (base 5) to base 14
-6a94
-1082215 (base 11) to base 9
-3502717
-6239771 (base 10) to base 9
-12660318
Convert 1082e (base 15) to base 6.
1042525
Convert -2010032133 (base 4) to base 13.
-15c696
Convert 88798 (base 13) to base 5.
30403442
Convert -10222021210 (base 3) to base 10.
-78213
-204512055 (base 7) to base 3
-211202002202000
-1104020 (base 7) to base 6
-2524522
20120110201002 (base 3) to base 15
49001e
Convert -50301061 (base 7) to base 14.
-7a71d8
-124053 (base 8) to base 10
-43051
Convert 1224003030 (base 5) to base 2.
1011010001000100101011
Conv